 -31a4 (base 16) to base 10.
-12708
Convert 7a (base 11) to base 13.
69
What is c904 (base 14) in base 7?
203104
Convert 7259 (base 11) to base 6.
112315
-573a (base 11) to base 10
-7545
What is -56b (base 12) in base 14?
-415
Convert -1023 (base 6) to base 12.
-173
Convert 7784 (base 10) to base 9.
11608
-4039 (base 11) to base 8
-12366
Convert -661 (base 8) to base 13.
-274
What is 100232311 (base 4) in base 3?
10111000021
-1035042 (base 6) to base 14
-14b74
-1002001201 (base 3) to base 9
-32051
318 (base 14) to base 6
2454
What is -3553 (base 6) in base 2?
-1101011101
Convert -573 (base 11) to base 7.
-1666
4eb9 (base 15) to base 4
10012320
Convert -14267 (base 15) to base 7.
-356356
What is -112202102 (base 3) in base 15?
-32c2
What is 100456 (base 8) in base 14?
c0a2
What is -182 (base 15) in base 6?
-1335
What is -40002 (base 6) in base 12?
-3002
4b8 (base 13) to base 16
33b
Convert 100011010 (base 2) to base 8.
432
258 (base 10) to base 11
215
-196c (base 15) to base 12
-3226
What is 541 (base 7) in base 16?
112
-154 (base 12) to base 15
-dd
131020 (base 4) to base 13
b05
-1c1 (base 16) to base 9
-548
What is 626 (base 8) in base 14?
210
What is 46b9 (base 13) in base 5?
304304
3140 (base 6) to base 7
2031
-414 (base 14) to base 8
-1442
1053 (base 15) to base 5
102303
What is -101101011 (base 2) in base 5?
-2423
Convert -10101100111 (base 2) to base 5.
-21013
What is -11013033 (base 4) in base 9?
-31650
Convert 195 (base 14) to base 10.
327
-110110010110 (base 2) to base 7
-13066
1101 (base 8) to base 14
2d3
What is 5645 (base 9) in base 10?
4172
-51130 (base 6) to base 5
-204000
Convert 1307 (base 9) to base 13.
5a4
6a72 (base 11) to base 8
22073
Convert -55 (base 15) to base 14.
-5a
Convert -40115 (base 6) to base 14.
-1c99
333 (base 15) to base 6
3203
12333012 (base 4) to base 12
14686
366 (base 9) to base 3
102020
8374 (base 10) to base 16
20b6
Convert -14e9 (base 15) to base 4.
-1012032
What is 1400 (base 5) in base 14?
121
What is 531 (base 16) in base 9?
1736
Convert 2a0 (base 13) to base 3.
122100
Convert 54231 (base 6) to base 10.
7435
Convert c66 (base 14) to base 5.
34232
What is 3249 (base 10) in base 9?
4410
Convert -100000001001010 (base 2) to base 10.
-16458
10011101110 (base 2) to base 4
103232
What is 4431 (base 7) in base 15?
710
What is 122010 (base 3) in base 11?
390
629 (base 11) to base 5
11012
-2362 (base 8) to base 13
-765
Convert -12310 (base 5) to base 14.
-4c3
-10 (base 9) to base 11
-9
229 (base 11) to base 16
111
Convert -35 (base 14) to base 12.
-3b
What is -1488 (base 9) in base 14?
-5ad
Convert -15 (base 10) to base 4.
-33
What is 21102 (base 5) in base 3?
1220221
What is 56276 (base 8) in base 3?
1012120100
-9c5 (base 16) to base 15
-b1b
Convert -346 (base 12) to base 10.
-486
-1444 (base 5) to base 12
-189
Convert 2023 (base 5) to base 12.
19b
What is -1e5 (base 15) in base 8?
-670
What is 23 (base 14) in base 4?
133
What is -1044103 (base 6) in base 15?
-10963
-16707 (base 8) to base 15
-23d3
What is 21023 (base 4) in base 11?
494
Convert -cb3 (base 16) to base 10.
-3251
What is 120110 (base 3) in base 16?
1a1
What is -21111 (base 3) in base 11?
-174
Convert 825 (base 10) to base 14.
42d
1011011101100110 (base 2) to base 14
13178
Convert -78 (base 12) to base 15.
-62
Convert -9b (base 14) to base 6.
-345
What is 1003332 (base 5) in base 8?
37334
-303203 (base 4) to base 9
-4465
-2b0 (base 12) to base 6
-1540
What is 10100100000111 (base 2) in base 12?
60b3
What is 2340 (base 6) in base 7?
1434
Convert 3066 (base 11) to base 5.
112230
447 (base 13) to base 6
3223
What is -35131 (base 7) in base 8?
-21435
What is -15640 (base 7) in base 6?
-32314
What is -5861 (base 12) in base 15?
-2dca
What is 35508 (base 10) in base 9?
53633
What is -102221 (base 3) in base 8?
-502
What is 4848 (base 14) in base 2?
11000101000000
-2202430 (base 5) to base 9
-56842
-136 (base 13) to base 10
-214
-3645 (base 11) to base 15
-162d
What is -1022 (base 8) in base 12?
-382
Convert -4aa9 (base 12) to base 3.
-102122010
What is 3d2 (base 14) in base 10?
772
What is -3121303 (base 4) in base 16?
-3673
What is -1100 (base 3) in base 7?
-51
What is -1010101000101 (base 2) in base 11?
-4100
Convert -3136 (base 7) to base 2.
-10001010001
Convert -8535 (base 9) to base 13.
-2b13
What is 8385 (base 9) in base 4?
1200020
What is -159b (base 12) in base 6?
-15515
Convert 4d (base 14) to base 11.
63
What is -101033013 (base 4) in base 6?
-1302503
-375 (base 10) to base 13
-22b
What is -241 (base 11) in base 14?
-167
124724 (base 8) to base 16
a9d4
What is 1a8 (base 14) in base 4?
11120
Convert 6fd1 (base 16) to base 9.
43235
What is -8a7 (base 12) in base 14?
-675
Convert -70a6 (base 16) to base 8.
-70246
What is 1555 (base 6) in base 4?
12233
Convert -6115 (base 7) to base 13.
-c70
-61261 (base 7) to base 8
-35052
Convert -7070 (base 10) to base 16.
-1b9e
Convert -112211120 (base 3) to base 11.
-8142
What is -307 (base 11) in base 14?
-1c6
What is 3058 (base 9) in base 14?
b60
10010110 (base 2) to base 6
410
What is -37316 (base 9) in base 12?
-125b0
Convert 249 (base 16) to base 8.
1111
Convert -2034 (base 5) to base 11.
-225
Convert -419 (base 14) to base 9.
-1086
Convert 29639 (base 11) to base 5.
2321104
Convert 8568 (base 9) to base 15.
1cee
What is -3a73 (base 15) in base 5?
-344413
What is 7285 (base 9) in base 7?
21401
What is -210022112 (base 3) in base 11?
-10747
What is -b9 (base 15) in base 6?
-450
What is -10020200021 (base 3) in base 8?
-174654
28 (base 16) to base 14
2c
Convert 147a7 (base 13) to base 14.
10141
545 (base 16) to base 11
1017
Convert 2111 (base 11) to base 10.
2795
Convert -22210201 (base 3) to base 9.
-8721
-101102 (base 4) to base 7
-3140
13223 (base 4) to base 9
605
-358 (base 16) to base 15
-3c1
Convert 33410 (base 6) to base 16.
124e
-123222 (base 5) to base 7
-20013
Convert -10011 (base 6) to base 7.
-3541
Convert -18600 (base 9) to base 2.
-11001001001111
What is -33616 (base 7) in base 5?
-233124
-2658 (base 10) to base 16
-a62
Convert 41d (base 16) to base 14.
553
Convert -4005 (base 7) to base 4.
-111201
Convert 10302 (base 4) to base 16.
132
Convert 542311 (base 6) to base 4.
22321003
-25a4 (base 11) to base 7
-12600
What is -220232 (base 4) in base 10?
-2606
97 (base 11) to base 2
1101010
Convert -2a26 (base 13) to base 14.
-232c
What is -3a5 (base 12) in base 16?
-22d
What is -612 (base 10) in base 5?
-4422
What is 1100 (base 5) in base 2?
10010110
What is -3151 (base 11) in base 4?
-1001022
What is -491 (base 12) in base 14?
-36d
-7304 (base 14) to base 8
-46530
What is 25 (base 6) in base 4?
101
What is -522 (base 8) in base 4?
-11102
9284 (base 16) to base 4
21022010
Convert 265232 (base 7) to base 5.
3043411
Convert -1312401 (base 5) to base 8.
-62570
Convert 10b4 (base 12) to base 9.
2501
Convert 13021201 (base 4) to base 8.
71141
What is -812 (base 16) in base 10?
-2066
33243 (base 5) to base 6
14431
14003 (base 5) to base 11
936
Convert b8d (base 16) to base 9.
4045
-1333121 (base 4) to base 11
-6142
What is -1400 (base 7) in base 11?
-450
Convert -240 (base 11) to base 5.
-2121
Convert -202111 (base 3) to base 5.
-4203
What is 310311 (base 4) in base 8?
6465
Convert 166 (base 9) to base 10.
141
-2404 (base 5) to base 14
-1b4
What is -1111000000100 (base 2) in base 14?
-2b2c
What is 21 (base 15) in base 2?
11111
-147b (base 16) to base 14
-1ca7
Convert -9845 (base 12) to base 13.
-7820
Convert -b0 (base 16) to base 15.
-bb
What is -1011101001 (base 2) in base 11?
-618
What is -4ee (base 16) in base 4?
-103232
What is 8406 (base 10) in base 8?
20326
What is -140434 (base 5) in base 15?
-1a7e
What is -b43 (base 12) in base 15?
-740
-94a2 (base 15) to base 2
-111101011000011
Convert -11000010 (base 2) to base 5.
-1234
-3061 (base 11) to base 7
-14560
4333 (base 8) to base 6
14255
Convert -10352 (base 7) to base 16.
-a19
-46576 (base 8) to base 7
-111560
What is -405 (base 12) in base 13?
-359
What is -56530 (base 7) in base 16?
-37f9
What is 1110100000100 (base 2) in base 12?
4370
220022 (base 3) to base 7
1625
What is 6460 (base 10) in base 13?
2c2c
What is -20 (base 5) in base 14?
-a
-310 (base 14) to base 5
-4402
What is -687 (base 12) in base 4?
-33013
Convert -210211012 (base 3) 